 divided by 120.
95
Calculate the remainder when 787175 is divided by 261.
260
Calculate the remainder when 19033 is divided by 81.
79
What is the remainder when 267815 is divided by 24?
23
Calculate the remainder when 7582 is divided by 1864.
126
What is the remainder when 37787 is divided by 18892?
3
What is the remainder when 12557 is divided by 2599?
2161
What is the remainder when 21310 is divided by 5269?
234
Calculate the remainder when 2123 is divided by 358.
333
Calculate the remainder when 337 is divided by 298.
39
Calculate the remainder when 8977 is divided by 118.
9
Calculate the remainder when 683123 is divided by 116.
115
Calculate the remainder when 1074394 is divided by 544.
538
Calculate the remainder when 6523 is divided by 28.
27
Calculate the remainder when 14702326 is divided by 708.
706
Calculate the remainder when 17871 is divided by 11.
7
What is the remainder when 135258 is divided by 27051?
3
What is the remainder when 35274 is divided by 3527?
4
What is the remainder when 29483 is divided by 2104?
27
What is the remainder when 33919 is divided by 8475?
19
What is the remainder when 78414 is divided by 102?
78
Calculate the remainder when 4946 is divided by 47.
11
What is the remainder when 12954 is divided by 2158?
6
Calculate the remainder when 1680 is divided by 748.
184
Calculate the remainder when 33525 is divided by 1119.
1074
What is the remainder when 44459 is divided by 236?
91
What is the remainder when 291 is divided by 18?
3
What is the remainder when 10070 is divided by 1304?
942
What is the remainder when 230480 is divided by 202?
200
What is the remainder when 5502 is divided by 621?
534
What is the remainder when 452 is divided by 71?
26
What is the remainder when 104043 is divided by 853?
830
What is the remainder when 122621 is divided by 335?
11
Calculate the remainder when 171527 is divided by 28.
27
Calculate the remainder when 10335 is divided by 5164.
7
What is the remainder when 2404 is divided by 292?
68
What is the remainder when 80202 is divided by 139?
138
What is the remainder when 21969 is divided by 271?
18
What is the remainder when 12918 is divided by 323?
321
What is the remainder when 15396 is divided by 51?
45
Calculate the remainder when 823 is divided by 214.
181
Calculate the remainder when 1176994 is divided by 21.
7
What is the remainder when 5737 is divided by 125?
112
What is the remainder when 4526 is divided by 1057?
298
What is the remainder when 937691 is divided by 42?
41
What is the remainder when 61904 is divided by 558?
524
Calculate the remainder when 7362 is divided by 419.
239
What is the remainder when 23653 is divided by 3940?
13
Calculate the remainder when 2142 is divided by 52.
10
Calculate the remainder when 949 is divided by 380.
189
What is the remainder when 40201 is divided by 1914?
7
Calculate the remainder when 6566 is divided by 90.
86
What is the remainder when 19940 is divided by 104?
76
Calculate the remainder when 275912 is divided by 99.
98
Calculate the remainder when 118022 is divided by 210.
2
What is the remainder when 1224 is divided by 181?
138
Calculate the remainder when 20473 is divided by 67.
38
What is the remainder when 272652 is divided by 1?
0
What is the remainder when 655 is divided by 205?
40
What is the remainder when 3567 is divided by 579?
93
What is the remainder when 116854 is divided by 81?
52
What is the remainder when 47631 is divided by 4763?
1
What is the remainder when 1293082 is divided by 4?
2
What is the remainder when 11985 is divided by 11954?
31
Calculate the remainder when 16633 is divided by 5539.
16
Calculate the remainder when 6693 is divided by 20.
13
Calculate the remainder when 26319 is divided by 8726.
141
What is the remainder when 8669 is divided by 670?
629
Calculate the remainder when 1831 is divided by 175.
81
What is the remainder when 93287 is divided by 18648?
47
Calculate the remainder when 45195 is divided by 33.
18
What is the remainder when 718 is divided by 713?
5
Calculate the remainder when 1221 is divided by 464.
293
What is the remainder when 27655 is divided by 157?
23
Calculate the remainder when 61665 is divided by 18.
15
What is the remainder when 29562 is divided by 9836?
54
What is the remainder when 150646 is divided by 8?
6
Calculate the remainder when 207543 is divided by 27.
21
Calculate the remainder when 244258 is divided by 414.
412
Calculate the remainder when 5912 is divided by 1909.
185
Calculate the remainder when 133368 is divided by 144.
24
What is the remainder when 1459527 is divided by 349?
9
What is the remainder when 3236 is divided by 164?
120
What is the remainder when 1141 is divided by 154?
63
What is the remainder when 333651 is divided by 179?
174
Calculate the remainder when 2297 is divided by 1073.
151
What is the remainder when 4314 is divided by 30?
24
What is the remainder when 15051 is divided by 313?
27
Calculate the remainder when 13442 is divided by 13228.
214
Calculate the remainder when 20062 is divided by 76.
74
Calculate the remainder when 220027 is divided by 192.
187
What is the remainder when 18621 is divided by 76?
1
Calculate the remainder when 232 is divided by 51.
28
What is the remainder when 17938 is divided by 60?
58
What is the remainder when 122814 is divided by 460?
454
Calculate the remainder when 1569 is divided by 286.
139
What is the remainder when 79197 is divided by 19794?
21
Calculate the remainder when 4936 is divided by 232.
64
Calculate the remainder when 5890 is divided by 498.
412
What is the remainder when 96263 is divided by 127?
124
What is the remainder when 1230 is divided by 551?
128
Calculate the remainder when 78549 is divided by 3146.
3045
What is the remainder when 921 is divided by 436?
49
What is the remainder when 105521 is divided by 409?
408
What is the remainder when 601 is divided by 31?
12
Calculate the remainder when 19154 is divided by 957.
14
Calculate the remainder when 20492 is divided by 426.
44
Calculate the remainder when 23919 is divided by 43.
11
Calculate the remainder when 12715 is divided by 7.
3
Calculate the remainder when 10153596 is divided by 26.
24
What is the remainder when 240566 is divided by 171?
140
What is the remainder when 1125289 is divided by 262?
261
What is the remainder when 223532 is divided by 49?
43
Calculate the remainder when 19009 is divided by 9487.
35
Calculate the remainder when 519 is divided by 176.
167
What is the remainder when 153858 is divided by 95?
53
Calculate the remainder when 10777 is divided by 2666.
113
Calculate the remainder when 2010 is divided by 9.
3
What is the remainder when 6455 is divided by 338?
33
Calculate the remainder when 37302 is divided by 11.
1
Calculate the remainder when 503791 is divided by 492.
475
Calculate the remainder when 108314 is divided by 30.
14
Calculate the remainder when 118679 is divided by 120.
119
Calculate the remainder when 1707 is divided by 143.
134
What is the remainder when 2700 is divided by 7?
5
What is the remainder when 155611 is divided by 28?
15
What is the remainder when 1717 is divided by 336?
37
Calculate the remainder when 209032 is divided by 41788.
92
What is the remainder when 6579 is divided by 77?
34
Calculate the remainder when 1813 is divided by 96.
85
What is the remainder when 11706 is divided by 145?
106
Calculate the remainder when 13286 is divided by 782.
774
Calculate the remainder when 34955 is divided by 12.
11
What is the remainder when 13662 is divided by 4507?
141
Calculate the remainder when 77757 is divided by 4.
1
Calculate the remainder when 7734 is divided by 1358.
944
What is the remainder when 8373 is divided by 1989?
417
Calculate the remainder when 14866 is divided by 995.
936
What is the remainder when 198480 is divided by 23?
13
What is the remainder when 287307 is divided by 1700?
7
What is the remainder when 744 is divided by 136?
64
What is the remainder when 77469 is divided by 1409?
1383
What is the remainder when 8089 is divided by 1010?
9
Calculate the remainder when 67429 is divided by 39.
37
What is the remainder when 3697 is divided by 3619?
78
What is the remainder when 5583 is divided by 79?
53
What is the remainder when 604 is divided by 196?
16
What i